 + (-1 - (-1 + 1))?
4
What is (-4 - -19) + -2 + -15?
-2
What is 4 - (1 + -2 - (-5 - -3))?
3
Evaluate -5 - (8 + -19 - -2).
4
Calculate (2 - (4 - 0)) + -1 + -1.
-4
Calculate (1 + 0 - 3) + 2 + 4.
4
Calculate -8 + 5 + -4 + 0 + 1.
-6
What is 5 + (-11 - -5) + 5?
4
What is the value of -1 + (-5 - 0) + 1?
-5
Evaluate -3 - -9 - (3 - 4 - -5).
2
Calculate (-5 - -1) + (2 - -5).
3
What is the value of 2 + (6 - (7 - -2))?
-1
Evaluate 3 + 5 + 0 + (0 - 3).
5
What is (-1 - -1 - (-4 + 5)) + -3?
-4
What is 5 - ((3 - -2) + -4) - 0?
4
25 - 28 - (0 - (4 - 0))
1
Evaluate (-10 - -22 - 11) + 6.
7
Evaluate (-3 - (14 - 13)) + 0.
-4
What is 4 - (16 + -7 + -9)?
4
1 - 0 - (-23 + 25)
-1
What is 1 + (5 - 2 - 5)?
-1
What is the value of -16 + 27 - (10 + -1)?
2
4 + (-11 - -19) + -11
1
What is the value of -1 - 0 - (29 + -28)?
-2
Evaluate 2 + -3 + 1 + -2 + 4.
2
Evaluate -9 + (-6 + 8 + -6 - -10).
-3
What is the value of 14 - (2 - -10 - -2)?
0
Calculate (-8 - (-2 + -1)) + 7 - -1.
3
What is 1 - (-7 + 8 + -4)?
4
Evaluate 5 - (2 + 1 + 2 + -7).
7
Calculate -8 + (-3 - -4) + 5.
-2
Calculate (0 - (-8 + 2)) + -3.
3
Calculate 2 - (0 - -3) - -3.
2
Evaluate (-3 - (6 + (-2 - 0))) + -2.
-9
-4 - (-1 - (2 + 0))
-1
Calculate 7 + -4 + 3 + -5.
1
What is the value of 10 + (4 - 5) - 15?
-6
What is 2 + 0 + -4 - -6?
4
What is the value of 5 - (-2 + (10 - 7))?
4
Calculate (9 - 6) + 2 + -9.
-4
Evaluate (-3 - -6) + -1 + -3.
-1
What is the value of -5 + (2 - -1) + 0 + -4?
-6
-2 + (11 - (-2 - -8 - 6))
9
Calculate (-10 - -4) + 10 - (4 + -1).
1
Calculate 4 + 1 - (5 + -1).
1
(22 - 20) + (1 - (5 + 1))
-3
What is -3 + 0 + 7 + -4 + 5?
5
What is (-7 - -4) + 9 + -2?
4
(-3 - -4) + -2 - 0
-1
What is the value of -1 + -5 - (3 - 8 - -2)?
-3
(10 - 6) + 2 + -11
-5
Calculate -4 - ((5 - 9) + (2 - -2)).
-4
1 + 0 + (5 + 0 - 2)
4
(4 - 1) + -2 + (5 - 3)
3
Calculate -4 + 10 + -3 + -1.
2
Calculate (5 - (11 - 2)) + (-1 - -1).
-4
What is the value of 49 - 48 - (3 + -2 - 6)?
6
Calculate 2 + -1 - (-11 - (-20 + 5)).
-3
What is -4 - (-5 - 2) - (17 - 10)?
-4
What is (-1 - (0 - -1)) + (-691 - -702)?
9
What is -3 + 6 + -1 - 6?
-4
What is the value of -1 + 2 - (13 - (6 + 4))?
-2
Calculate 4 - ((0 - 3) + 2 + 9).
-4
Evaluate (2 + -2 - 3) + -2 + 3.
-2
What is -2 - (-10 + -7 + 10)?
5
Calculate -1 - 8 - (63 - 65).
-7
What is -1 + (34 + -38 - (-1 - 4))?
0
What is the value of -15 + (1 - -6) - -3?
-5
Evaluate (-5 - -1) + -1 + 0.
-5
What is the value of -3 - (-1 + -5 + 1)?
2
Evaluate (5 - 3) + (-7 - (-2 + 2)).
-5
What is the value of 18 + -17 - (-2 + 1)?
2
What is the value of (4 + -2 - (16 - 14)) + 1?
1
What is the value of 9 - (1 + 7 - (13 + -9))?
5
3 + (-2 - (0 - -6))
-5
Evaluate -1 + (-2 - -6) + 3.
6
What is the value of (-1 - -1) + 1 + 3?
4
Calculate 8 + (-5 - -4 - 3) + 0.
4
What is the value of (-6 + -7 - -3) + 6?
-4
What is -1 + (-2 - -3 - -3) + -7?
-4
1 + -2 - (-2 - -5 - 9)
5
What is 7 + (-2 - 8) + 10?
7
What is 0 - (-4 - (2 + -5))?
1
What is the value of (-16 + 7 + 0 - -8) + 8?
7
Evaluate (-4 - (1 + -3)) + (3 - 1).
0
What is -6 - (6 - (11 - -2))?
1
Calculate 7 - (5 + 3 + -3 + -3).
5
Calculate 6 - (-3 + 3 - -4).
2
-2 + -1 + 2 + 7 + -7
-1
Evaluate -3 + 4 + 5 + 12 + -14.
4
Calculate (-4 - 0) + (1 + 1 - -2).
0
Evaluate -2 + (1 - 1) + 3.
1
Calculate -3 - 0 - (72 - 82).
7
What is -1 + (2 - -3) + -1?
3
Calculate 0 + 4 + 1 - 2 - 2.
1
What is the value of -1 + 5 + -10 + -2?
-8
What is 3 + -1 + -19 + 19?
2
Calculate 11 + -6 + 8 - 12.
1
What is (14 - 0) + -1 + -13?
0
What is the value of (5 - 0) + -1 - 0?
4
3 + (-9 - -5) - (4 - 4)
-1
What is the value of -3 - (-7 - -5 - 0)?
-1
Evaluate 2 - 10 - (-8 - (-7 - -4)).
-3
Evaluate 1 + -3 + 4 + -1.
1
12 - (-8 - ((5 - 13) + -4))
8
What is the value of 4 + 1 + 0 + -1?
4
What is the value of (8 - (1 - -5)) + -3?
-1
Evaluate 4 + (-3 - -5 - 3).
3
Evaluate 2 + 3 + -1 - (-13 - -21).
-4
Calculate (-1 - -6) + (-22 - -16).
-1
Calculate (7 - -3) + -14 - 3.
-7
What is 2 - -1 - (9 - (-1 + 12))?
5
Calculate -10 - (-8 - (-2 + -3)).
-7
Evaluate 0 - 3 - (-18 - -8).
7
Evaluate (1 - 2) + 10 - 5.
4
Calculate (1 - 4) + 7 + -4.
0
Evaluate -3 + 2 + 7 + -9.
-3
What is -3 - (-5 + 5 + 5 + 0)?
-8
What is (8 - (-2 + 1)) + (-13 - -9)?
5
What is (-5 - (-3 - 0)) + 7?
5
(-4 - 2) + (7 - (-12 + 17))
-4
What is 6 + (-4 - 6) - (-14 - -2)?
8
What is the value of -7 - 14 - -5 - -14?
-2
What is the value of 4 + -1 - (4 + (-2 - -2))?
-1
What is 34 - 40 - (-10 + -1 + 1)?
4
What is the value of 1 + 3 + -5 + 1?
0
What is the value of 22 - 19 - (2 + 1)?
0
-3 + 7 + (12 - 26)
-10
What is the value of (-11 - -2) + 2 - (60 - 59)?
-8
What is the value of 4 - ((4 - 4) + -2 - -3)?
3
(4 - -1) + 28 + -34
-1
Evaluate -17 - -13 - (10 + -6).
-8
Evaluate (3 + -3 - -4) + 1.
5
Evaluate 3 - (-1 - -9 - 2).
-3
Evaluate 2 - (7 + (6 - 8)).
-3
What is the value of 0 + (2 - -4 - -2)?
8
Calculate 3 - (8 + (-4 - -5 - 5)).
-1
Evaluate -5 - -2 - -4 - 6.
-5
(0 - (1 - -3)) + 2 - -6
4
What is (-11 - -3) + 7 + 7?
6
What is (-3 - -3) + 4 + (-7 - -5)?
2
Calculate 7 + 4 + 0 + -7.
4
2 - (-3 + 4 + 1 - -4)
-4
Calculate (4 - -2 - (1 - -2)) + -8.
-5
What is (-10 - -14) + -1 + -7?
-4
Calculate -13 - (-4 + 2 + -5).
-6
1 + 3 - (-1 - -4)
1
What is the value of -32 - -41 - (5 - -1)?
3
What is the value of 2 - (-5 - -3) - 0?
4
(-19 - -23) + (3 - 2)
5
Evaluate 4 + -13 + 7 + -6.
-8
What is the value of (3 - -1) + -5 + -5 + 2?
-4
Calculate 2 - -17 - (41 - 30).
8
What is the value of (6 - 2) + -2 + -7?
-5
Evaluate (8 - 1) + -3 + 1.
5
What is (-21 - -21) + (-6 - (-1 + 1))?
-6
What is the value of -3 + (5 - (6 - (-1 + 1)))?
-4
Evaluate (-7 - -5 - -5) + -6.
-3
Calculate -4 + (0 + 6 - (0 + 3)).
-1
Evaluate (-10 - -10) + (-1 - 1).
-2
Calculate 0 + 0 + 2 + (12 - 15).
-1
Evaluate (1 - -2) + 1 + -3 - 2.
-1
What is -2 - 0 - (9 + -16)?
5
Evaluate 1 + (0 - 6) - (-2 - -2).
-5
Calculate -8 - (-8 + 14) - -8.
-6
1 - 4 - 2 - (-4 - 5)
4
What is the value of 8 + 13 + -4 + -9?
8
Calculate 3 - (2 + -6) - 5.
2
(1 + 4 - 9) + 0 - 3
-7
What is (4 + -2 + 5 - 11) + -4?
-8
(-7 - -2) + 1 + -1 + 3
-2
What is the value of -1 - (-8 + -3 + (6 - 1))?
5
Evaluate 8 + -15 + 11 + -4 + 7.
7
12 + -12 - (0 - 2)
2
11 + 2 + -10 + 4 - 8
-1
What is (5 - 1) + 0 + -3 + 1?
2
What is 3 + (-1 - ((3 - -4) + -4))?
-1
3 + (-5 - 1) - -1
-2
Calculate (5 + -4 - 2) + -2 + 3.
0
5 - (4 + -2 - -4)
-1
What is the value of 0 + 2 + -11 + 11 + -6?
-4
Evaluate 0 + 1 - (0 - -1).
0
Calculate -5 + 18 + (1 - 3) + -4.
7
-7 + 11 + -5 + (6 - 1)
4
Calculate -7 + 1 - (-16 - -14 - -2).
-6
What is -9 + 1 + -8 + 3 + 11?
-2
What is 5 + -3 + -10 + 13?
5
Calculate (1 - -7 - (-14 + 17)) + 1.
6
Calculate 1 + 0 + -5 + 0.
-4
-4 + (3 - (0 - 2 - -3))
-2
Calculate (-2 - (-1 - -4)) + 5.
0
What is the value of -1 - (3 - (4 + 0))?
0
What is -2 - (-2 + (-4 - -6) + -3)?
1
Evaluate (-5 - 0) + 8 - (-3 + 11).
-5
Calculate 7 + 4 + -4 + 2 + -7.
2
What is (2 + -3 - 2) + 3?
0
What is 10 + 0 + (-2 - (7 + -6))?
7
Evaluate (19 - (36 - 12)) + (9 - -1).
5
What is the value of (6 - (-3 + 7)) + -7?
-5
What is the value of 1 + 0 + 0 - (-111 - -112)?
0
Calculate -1 + -5 - (-9 + 10 + 0).
-7
(2 + -5 - -1) + 7 - 6
-1
2 + (5 - 9) + 4
2
What is the value of 4 - ((9 - 2) + (-4 - -5))?
-4
What is the value of -3 - (-1 - (-2 - 2) - 1)?
-5
What is the value of -7 + (12 + -6 - -2) + -6?
-5
(-12 - -4 - -7) + -6 + 4
-3
Evaluate -2 + (1 - 1) + 1.
-1
Calculate -3 - (0 - 1) - (2 - 0).
-4
What is -2 + (-2 - (0 + (-1 - 0)))?
-3
7 - (-4 + -2 + 4 - -4)
5
Evaluate 4 + (6 - ((-2 - -1) + 14)).
-3
What is the value of (-5 - -5) + (-7 - -10 - 3)?
0
Evaluate -8 + 1 + (8 - 2).
-1
16 - 0 - ((10 - -3) + -6)
9
Calculate 3 + -8 + 6 + (1 - -1).
3
What is -3 - -6 - (0 + 2)?
1
Calculate 4 - (1 + -1 - (14 - 21)).
-3
Calculate -4 - 1 - 0 - (-7 + -4).
6
What is 1 - -1 - (2 + -3 + 0)?
3
What is -9 - (-4 + -4 + 1)?
-2
What is the value of 6 + 8 - (6 + 2)?
6
0 + (0 - 3 - 0) + 2
-1
Evaluate (-3 - -8 - 1) + -8.
-4
What is the value of 1 + 1 - (-4 + (16 - 5))?
-5
What is 2 - (-6 + 7 + -1)?
2
Calculate (-1 - (-8 - 3)) + -14.
-4
(-89 - -97) + (-11 - 1)
-4
What is 2 + (6 - 0) + -5?
3
What is the value of 3 + -2 + (4 - (-2 + 3))?
4
What is 6 - (-7 + 5 + 2)?
6
(-6 - -2) + (3 + -7 - -6)
-2
What is the value of 9 - ((6 - -3) + -5)?
5
Evaluate 27 + -40 + 5 + -2.
-10
What is the value of 5 - 0 - (-3 - -9)?
-1
(-10 - (10 - 10)) + 12
2
What is 3 +